- -29) + (-9 - 12)
-25
What is the value of 0 - ((-12 - -2) + (-231 - -230))?
11
What is 14 + -7 + 6 + -8 - 6 - -14?
13
What is the value of (-514 - -510) + -2 + -26?
-32
Evaluate 15 - (1 + -2 - -1 - (114 - 104)).
25
What is 14 + -5 + (-10 - (-2 - 3)) + 6?
10
Evaluate (19 + -5 - 3) + -8 + -1.
2
What is the value of 23 + -32 - (0 + -1 + -5) - 8?
-11
What is the value of 19 - (-4 - (-17 + 7) - -19)?
-6
(7 + -7 - 12) + (-14 - -1)
-25
What is the value of (-1 - -14) + (181 - 201)?
-7
What is (-23 - -25) + -1 + (-2 - 3)?
-4
Calculate 38 + -60 + (5 - 1 - 11).
-29
What is 3 - (-5 + 3) - (-5 - -6)?
4
Evaluate (-13 - -8 - 6) + 11 + (-1 - -7).
6
What is the value of -70 + 64 + 0 + 2 + 0 + -8?
-12
What is the value of 16 + -28 - -9 - 2?
-5
Calculate (-50 - -61) + (0 - 26).
-15
Evaluate 1 + -1 - (-14 - (-23 - -11 - 6)).
-4
Calculate (0 - (0 - (1 + 0))) + (-1571 - -1575).
5
Evaluate 29 + -28 - (-4 - -3 - (-7 - 0)).
-5
What is (3 - (11 + (0 - -2))) + 17?
7
What is the value of (-27 - (9 + 7 + -10)) + (1 - -8)?
-24
Calculate -1 - (-8 - (-4 - -8) - -4).
7
What is -2 - (-1 - (-11 - -7 - (-2 - 7)))?
4
What is 9 - 6 - 1 - 5?
-3
What is 0 - 8 - (49 - 75) - 10?
8
Calculate 29 + -19 + 16 - 17.
9
Evaluate 7 + 5 + -14 + (-2 - 0) + 8.
4
-20 - (1 - 2) - (-22 + -13 + 31)
-15
7 + 12 - (-1 - 5 - 0 - -8)
17
What is the value of (-11 - (-1 - 1)) + (-58 - -24 - -39)?
-4
Calculate 34 + -26 + 35 + -30.
13
Calculate 12 + (-39 - -28 - 17).
-16
What is (-1 + 2 - 12) + (9 - 5) + -4?
-11
What is -3 - (-40 - 10 - -28)?
19
What is 10 + (9 - 17) - (-1 - 8)?
11
Evaluate 1 + (-1 + 33 - 3) + (13 - 25).
18
What is 5 + (0 - (-11 - -19))?
-3
-23 + 4 + 0 - (-2 + -4 + -1)
-12
Calculate -3 - (-3 + (-7 - 0)) - -2.
9
51 + -24 + -29 - -35
33
Calculate (1 - ((1 - -3) + (14 - 20))) + -4.
-1
What is (4 - (19 - 14)) + 0 - (1 + 5)?
-7
Calculate 4 - 4 - (-3 + -4 - -2).
5
What is -31 + 68 - 4 - 49?
-16
-16 - -10 - (2 - 4)
-4
(33 - (-4 - -16)) + (7 - 8 - -2)
22
What is the value of 19 + -1 + -20 + (-11 - -1)?
-12
1 - (3 - (7 - (-3 - 1)))
9
Evaluate 11 - (-7 + 16) - -7.
9
5 - (17 - 2 - (-12 - -8))
-14
3 + (-11 + -15 - -8) - -14
-1
Calculate (-1330 - -1328) + 6 + 0 + -2.
2
What is the value of 45 - 2 - 32 - (0 - 0)?
11
4 + (-1 + 11 - 5)
9
What is -18 - (-12 + -2 + (-9 - (-9 + -5)))?
-9
What is 7 + (-2 - (9 + -4)) - -1 - -12?
13
What is -9 - -9 - (-27 - -1) - 12?
14
Calculate -4 + (5 - -7) - -6.
14
Calculate 0 - (1 - 0) - (109 + -107) - 8.
-11
What is the value of -16 - -4 - (7 - (3 - 2) - -1)?
-19
(5 - (14 + 4)) + (-194 - -187)
-20
Calculate -6 - (-3 - (-14 + (1 - 0) + 9)).
-7
What is -24 + (2 - (3 - -4 - 0) - -5)?
-24
What is the value of -2 + (-17 - -1 - -6)?
-12
What is (-335 - -334) + (-20 - -2)?
-19
What is the value of -9 + 8 + (6 - 3) + 5?
7
Calculate 2 - (10 + 16 + -15) - -36.
27
(5 - -1) + (-334 - -320)
-8
Evaluate -26 + -13 + -20 + 82.
23
3 + -3 + -4 - (8 - (3 - -3))
-6
What is 19 + -16 + -12 + 3 + 0?
-6
Evaluate (6 - -13) + -12 + 2 + -12.
-3
3 + (2 - 6 - -9) + 4
12
What is the value of (18 - (-56 + 97)) + (-17 - -2)?
-38
Evaluate 15 + -1 + (16 + -11 - 1).
18
What is the value of -27 - (-23 - -12) - -35?
19
Evaluate 13 + -9 + (0 - 7) - (-4 - 1).
2
What is the value of 19 - (1 + -3 - -4) - (-21 + 27)?
11
Calculate 3 - 2 - (6 - (5 + -14 + 1)).
-13
What is the value of (2 - 4) + -4 + -3 - -14?
5
Evaluate (5 - (-2 + 10)) + 16.
13
25 + -12 + 10 + -11
12
What is 5 + -11 - (-1 - (6 - (8 + -5)))?
-2
-37 + 6 - ((4 - 24) + 13)
-24
Calculate -8 + 3 - -8 - 8 - -2.
-3
-3 - 2 - (-42 + (13 - 3) + 5)
22
Calculate (-10 - -6) + (-10 + 4 - 1).
-11
Calculate (52 - 36) + 7 + -22.
1
15 + (-5 + -42 - -15)
-17
Evaluate -5 + (4 - (0 + -2)) + -6 + 0.
-5
Calculate 17 + (8 - -10 - 10 - 6) + 3.
22
Calculate -1 + 3 + 2 - (-84 + (-67 - -117)).
38
What is 8 + (8 - (-10 + 8 + 45))?
-27
What is (0 - 3) + (256 - 247)?
6
What is 82 - 70 - (-2 + 4)?
10
Calculate (6 - 10) + 5 - (-2 + -1) - 14.
-10
(1 - ((-9 - -19) + -10)) + 4 + -19
-14
Calculate 11 - (33 + (7 - 27)) - 3.
-5
Evaluate -5 - (-20 - -10) - 16.
-11
-38 - (37 + -3 + -42)
-30
2 + -8 - ((21 - 30) + 20 + -1)
-16
Calculate 3 + (0 + (-2 - -3) - (1 + 4)).
-1
What is the value of 2 - (1 - 0) - -6 - -8?
15
What is the value of 16 - (-26 + 13) - 29?
0
Calculate 2 + 7 + 5 + -22.
-8
What is (-4 - -6) + (-1 - (-4 + 12 + 5))?
-12
Evaluate -10 + 0 + 8 + 3.
1
Calculate -32 + 7 + 6 - (-53 - -42).
-8
Calculate -20 - ((-18 - -20 - -2) + (0 - 5)).
-19
Evaluate -2 + 0 + (-66 - (17 - 95)).
10
Calculate -3 + -2 + 0 + (-9 - 3).
-17
Evaluate -18 - ((-45 - -39) + 0 + 0).
-12
(31 - 2) + -13 - 14
2
Evaluate -22 - 2 - (-579 + 536).
19
Calculate -64 + 54 + -5 + 0 + 1 + 2.
-12
What is the value of -7 + 2 + -7 + 24?
12
104 + -98 + (-1 - 24) + 31
12
Evaluate 1 + 2 - (-2 - (-7 + 17 + -9)).
6
12 + (-1 - -6) + 19 + -27
9
15 + -8 + 9 + -1
15
(-8 - -3) + -4 + (14 - 3) - -8
10
Calculate 1 - (12 - -1) - (-1309 + 1281).
16
Calculate 17 + (-21 - 9) - -16.
3
Evaluate -9 - (-2 + 5 - 20) - 22.
-14
Calculate 69 + -71 - (-6 + 12).
-8
What is the value of -1 + (4 - 3) + -23 + 26?
3
What is -13 + 37 + -1 + -1 + -1?
21
Calculate 26 - 24 - (-3 - 2).
7
4 - 17 - 4 - (16 + -20)
-13
Evaluate (2 - -30) + 629 + -630.
31
Evaluate 5 - ((2 - (0 - -9)) + (241 - 212)).
-17
Calculate -22 + 23 - (-3 - 0).
4
What is the value of -12 + -6 + (-1 + 4 + 1 - -29)?
15
What is the value of (8 + -4 - 3 - -1) + (-2 - -6)?
6
What is the value of 16 - -2 - (-200 + 212)?
6
Evaluate (10 + -6 - 5) + -13.
-14
Evaluate 26 + (-6 - -18) + -27.
11
What is the value of -18 + (-24 - -11 - -39) - 43?
-35
Evaluate -7 - (-9 - ((1 - -3) + (105 - 114))).
-3
Calculate -7 + 3 + 14 - (2 - -3).
5
What is the value of (-4 - -3 - -1 - -2) + -7 + -2?
-7
Calculate (18 - -3) + -9 + -16.
-4
Calculate (5 - 9 - (-3 - 7)) + 7 + -1.
12
3 + -1 - ((-5 - 13 - -4) + 8)
8
What is 20 - -3 - (-2 + 6 - (6 - 8))?
17
Evaluate 12 - (14 + 3 + 50 + -45).
-10
What is -10 - (-6 + 13 + 0 - (13 - 1))?
-5
What is the value of -34 + 36 - (-2 + (2 - 3) - -2)?
3
What is -4 + (-8 - -4 - -14) + -16 - -8?
-2
What is the value of 1 - ((5 + -5 - -4 - 9) + 2)?
4
What is the value of -16 + 1 - (3 - (6 - 0))?
-12
What is the value of -2 - -1 - (40 + -63 - -33)?
-11
What is 15 + 2 + 27 + -43 + 0 + -1?
0
What is the value of -11 + -22 + 24 + -7?
-16
Calculate (-22 - -14) + -2 + 12 + -6 + 8.
4
What is the value of 14 + 2 + (130 - 142)?
4
What is -2 - (1 + 6 - (-7 + -4 + 13))?
-7
What is (1 - 1) + -7 + -4 + (51 - 13)?
27
What is 19 + (18 + -41 - -6) + 16?
18
What is the value of 0 + (7 - ((10 - (-2 + 3)) + -8))?
6
Evaluate 13 + -2 + ((1 - -9) + -9 - -7).
19
Evaluate -29 + (8 - -5) + 7.
-9
What is the value of 1 - (13 + (-2 - 10))?
0
Evaluate 0 + (0 - 0) + -4 + -460 + 467.
3
Calculate -11 - (-21 + 23) - (2 - 12).
-3
Calculate -2 + 2 + 6 - (-3 - (0 + -20)).
-11
Calculate -11 + 6 - -29 - 9.
15
(-1 + -9 - (-39 - -37)) + -3
-11
What is -4 + 7 + 8 + -4 + -7?
0
Calculate (3 - 30) + -14 + (34 + -14 - 11).
-32
What is the value of -11 + (-11 - -13 - -1) + 0 + -5?
-13
What is the value of -19 + -13 + 33 - 10?
-9
What is 15 + 2 - (-8 + 11 - -4)?
10
What is -20 - (-6 + 12 + -12)?
-14
What is 7 - 3 - (4 - ((5 - 0) + -3))?
2
Evaluate 3 - 0 - (-290 - -266).
27
Evaluate 12 - (-9 - (-17 + 4 + -5)).
3
Evaluate (9 - (-11 - 2) - 3) + -2.
17
Evaluate -4 + 10 + (2 - (-3 + 3)) - -4.
12
Calculate -20 + (5 - 12) + (0 - (-3 + -6)).
-18
What is 4 - (1 + -1) - (2251 + -2222)?
-25
Calculate 7 - (0 - (-4 + (-4 - -3))) - -8.
10
Evaluate -1 - -17 - (9 + (1 - 4) + -1).
11
What is (2 - 5) + -1 + (1 - 6 - 0)?
-9
What is -12 + -2 + (-3 - -12) + -8?
-13
Calculate 0 + 5 + (11 - (2 + -1 + 5)).
10
(-1 - 0) + 9 - (321 + -313)
0
12 + (-13 - -32) - 21
10
Evaluate 8 - (9 - -6) - (-3 - 16 - -4).
8
Calculate -39 - -4 - 2 - -12.
-25
Evaluate 15 + (-1 - 1) - 6 - 2 - 1.
4
Evaluate 6 + 6 + (-11 - -22 - 7).
16
-7 + (-4 - (7 + 2 + -6 - 0))
-14
(-4 - -4) + -2 + -6 + 9
1
Calculate -11 - (3 + (12 - 20)).
-6
What is the value of -1 - 14 - 0 - (-275 + 281)?
-21
Calculate -10 + (-5 - ((-8 - -9) + 1)).
-17
(-1 - (0 + -7 + 5)) + 10 + -27
-16
What is 6 - (-2 - (1 - 0)) - (-65 - -65)?
9
Calculate 88 + -48 - 33 - (-19 - -2).
24
Calculate 9 - -1 - (-2 + 32 + -40).
20
What is the value of 7 - -12 - 10 - (1 - -2 - 10)?
16
Calculate -13 + -3 + -1 + -16 + 4.
-29
Evaluat